
What is the hundred thousands digit of 4912720?
9
What is the tens digit of 2346218?
1
What is the hundreds digit of 292956?
9
What is the units digit of 164666?
6
What is the hundreds digit of 3479959?
9
What is the units digit of 976129?
9
What is the units digit of 838166?
6
What is the units digit of 28575735?
5
What is the millions digit of 4845032?
4
What is the hundreds digit of 461848?
8
What is the millions digit of 3024519?
3
What is the tens digit of 3915856?
5
What is the hundreds digit of 18069506?
5
What is the tens digit of 241731?
3
What is the tens digit of 7524313?
1
What is the hundred thousands digit of 11274866?
2
What is the ten thousands digit of 176767?
7
What is the thousands digit of 1722513?
2
What is the thousands digit of 1515410?
5
What is the ten thousands digit of 1012873?
1
What is the thousands digit of 276899?
6
What is the thousands digit of 33990042?
0
What is the thousands digit of 5954524?
4
What is the units digit of 77676?
6
What is the units digit of 12850984?
4
What is the thousands digit of 565563?
5
What is the tens digit of 6921258?
5
What is the ten thousands digit of 57560?
5
What is the ten thousands digit of 194589?
9
What is the hundred thousands digit of 8477964?
4
What is the ten thousands digit of 63905?
6
What is the tens digit of 362809?
0
What is the units digit of 2475741?
1
What is the hundred thousands digit of 282949?
2
What is the hundreds digit of 4301175?
1
What is the units digit of 886665?
5
What is the tens digit of 35982?
8
What is the hundreds digit of 11375074?
0
What is the hundreds digit of 2212814?
8
What is the hundred thousands digit of 412136?
4
What is the ten thousands digit of 219010?
1
What is the hundreds digit of 1460960?
9
What is the units digit of 1779949?
9
What is the ten thousands digit of 81517?
8
What is the hundreds digit of 2491308?
3
What is the hundred thousands digit of 3068704?
0
What is the ten thousands digit of 357203?
5
What is the hundreds digit of 37885?
8
What is the hundred thousands digit of 597561?
5
What is the thousands digit of 701569?
1
What is the tens digit of 11268169?
6
What is the tens digit of 583543?
4
What is the hundred thousands digit of 189305?
1
What is the hundred thousands digit of 927478?
9
What is the units digit of 16256653?
3
What is the tens digit of 538185?
8
What is the hundreds digit of 3245213?
2
What is the thousands digit of 513803?
3
What is the thousands digit of 12884624?
4
What is the ten thousands digit of 100786?
0
What is the units digit of 2351065?
5
What is the thousands digit of 670902?
0
What is the millions digit of 3134681?
3
What is the units digit of 2332322?
2
What is the ten thousands digit of 705650?
0
What is the ten thousands digit of 7626247?
2
What is the tens digit of 910333?
3
What is the ten thousands digit of 264323?
6
What is the thousands digit of 4437715?
7
What is the hundred thousands digit of 1047663?
0
What is the tens digit of 1144552?
5
What is the units digit of 256172?
2
What is the hundreds digit of 11181131?
1
What is the thousands digit of 49918?
9
What is the tens digit of 3388347?
4
What is the ten thousands digit of 736583?
3
What is the units digit of 6488809?
9
What is the ten thousands digit of 16270506?
7
What is the ten thousands digit of 63408?
6
What is the units digit of 2386371?
1
What is the ten thousands digit of 213762?
1
What is the tens digit of 135210?
1
What is the hundreds digit of 7525531?
5
What is the thousands digit of 2910183?
0
What is the thousands digit of 1507114?
7
What is the units digit of 43665?
5
What is the thousands digit of 50892?
0
What is the ten thousands digit of 526727?
2
What is the hundred thousands digit of 1310761?
3
What is the hundreds digit of 27034167?
1
What is the units digit of 821826?
6
What is the units digit of 498754?
4
What is the thousands digit of 24218814?
8
What is the hundred thousands digit of 346728?
3
What is the thousands digit of 746978?
6
What is the ten thousands digit of 625771?
2
What is the hundred thousands digit of 532426?
5
What is the tens digit of 42053?
5
What is the thousands digit of 2677957?
7
What is the hundred thousands digit of 3773085?
7
What is the tens digit of 16809287?
8
What is the units digit of 7969642?
2
What is the thousands digit of 13868425?
8
What is the units digit of 424204?
4
What is the hundreds digit of 1214160?
1
What is the units digit of 269771?
1
What is the thousands digit of 144355?
4
What is the tens digit of 124684?
8
What is the millions digit of 2826811?
2
What is the thousands digit of 1714383?
4
What is the thousands digit of 65249?
5
What is the hundreds digit of 7691883?
8
What is the millions digit of 1986385?
1
What is the thousands digit of 322318?
2
What is the millions digit of 3802829?
3
What is the hundreds digit of 875577?
5
What is the thousands digit of 3811087?
1
What is the tens digit of 6311978?
7
What is the thousands digit of 42878?
2
What is the hundreds digit of 1960271?
2
What is the units digit of 762418?
8
What is the hundred thousands digit of 213648?
2
What is the units digit of 289860?
0
What is the thousands digit of 732135?
2
What is the tens digit of 1871293?
9
What is the thousands digit of 477512?
7
What is the tens digit of 15682840?
4
What is the hundred thousands digit of 923830?
9
What is the units digit of 6214341?
1
What is the tens digit of 684210?
1
What is the thousands digit of 1943499?
3
What is the units digit of 8234?
4
What is the tens digit of 20307?
0
What is the tens digit of 155765?
6
What is the tens digit of 5920338?
3
What is the tens digit of 264?
6
What is the hundred thousands digit of 23405383?
4
What is the thousands digit of 218253?
8
What is the thousands digit of 455295?
5
What is the ten thousands digit of 1301950?
0
What is the tens digit of 484235?
3
What is the hundred thousands digit of 542845?
5
What is the ten thousands digit of 405366?
0
What is the hundreds digit of 724949?
9
What is the ten thousands digit of 7822475?
2
What is the thousands digit of 2828371?
8
What is the hundred thousands digit of 23236262?
2
What is the units digit of 59743?
3
What is the tens digit of 1813936?
3
What is the units digit of 9569?
9
What is the tens digit of 317035?
3
What is the thousands digit of 1301788?
1
What is the units digit of 10907068?
8
What is the tens digit of 322910?
1
What is the tens digit of 1015769?
6
What is the units digit of 6541242?
2
What is the hundreds digit of 2092023?
0
What is the units digit of 866420?
0
What is the hundreds digit of 5493120?
1
What is the ten thousands digit of 3204610?
0
What is the units digit of 756100?
0
What is the hundreds digit of 108162?
1
What is the units digit of 842075?
5
What is the millions digit of 1095842?
1
What is the hundred thousands digit of 976714?
9
What is the hundreds digit of 686052?
0
What is the millions digit of 18084528?
8
What is the units digit of 18885734?
4
What is the units digit of 416655?
5
What is the units digit of 868474?
4
What is the thousands digit of 327654?
7
What is the millions digit of 1424314?
1
What is the ten millions digit of 14519696?
1
What is the ten thousands digit of 1622942?
2
What is the hundreds digit of 849146?
1
What is the tens digit of 8020097?
9
What is the hundred thousands digit of 4966587?
9
What is the tens digit of 1324989?
8
What is the tens digit of 19038088?
8
What is the hundreds digit of 418206?
2
What is the hundreds digit of 2831630?
6
What is the hundreds digit of 5902262?
2
What is the millions digit of 2893935?
2
What is the hundreds digit of 197207?
2
What is the ten thousands digit of 648463?
4
What is the hundreds digit of 654249?
2
What is the ten thousands digit of 366278?
6
What is the hundred thousands digit of 265717?
2
What is the hundreds digit of 2012517?
5
What is the hundreds digit of 29711196?
1
What is the thousands digit of 176253?
6
What is the ten thousands digit of 294227?
9
What is the units digit of 87142?
2
What is the units digit of 70751?
1
What is the units digit of 131984?
4
What is the ten millions digit of 24778297?
2
What is the hundred thousands digit of 416538?
4
What is the tens digit of 438468?
6
What is the ten thousands digit of 558631?
5
Wh